{"id":1588,"date":"2021-03-13T13:03:34","date_gmt":"2021-03-13T13:03:34","guid":{"rendered":"https:\/\/juliocesartriana.com\/?page_id=1588"},"modified":"2021-09-07T22:47:16","modified_gmt":"2021-09-07T22:47:16","slug":"control-politico-2","status":"publish","type":"page","link":"https:\/\/juliocesartriana.com\/index.php\/control-politico-2\/","title":{"rendered":"Cont\u00e1ctanos"},"content":{"rendered":"<h3>Cont\u00e1ctanos<\/h3>\n<h4>\u00danete a nuestro equipo con tus ideas, comentarios y, por supuesto, sugerencias.<br>\n\u00a1Juntos seremos La Voz del Huila en el Congreso!<\/h4>\n\n\n<div class=\"forminator-ui forminator-custom-form forminator-custom-form-1587 forminator-design--default  forminator_ajax\" data-forminator-render=\"0\" data-form=\"forminator-module-1587\"><br\/><\/div><form\n\t\t\t\tid=\"forminator-module-1587\"\n\t\t\t\tclass=\"forminator-ui forminator-custom-form forminator-custom-form-1587 forminator-design--default  forminator_ajax\"\n\t\t\t\taction=\"\"\n\t\t\t\tmethod=\"post\"\n\t\t\t\tdata-forminator-render=\"0\"\n\t\t\t\tdata-form-id=\"1587\"\n\t\t\t\t\n\t\t\t\tdata-design=\"default\"\n\t\t\t\t\n\t\t\t\t\n\t\t\t\t\n\t\t\t\tdata-grid=\"open\"\n\t\t\t\t\n\t\t\t\t\n\t\t\t\tstyle=\"display: none;\"\n\t\t\t><div class=\"forminator-response-message forminator-error\" aria-hidden=\"true\"><\/div><div class=\"forminator-row\"><div id=\"name-1\" class=\"forminator-col forminator-col-12 \"><div class=\"forminator-field\"><input type=\"text\" name=\"name-1\" value=\"\" placeholder=\"Nombre y Apellido\" id=\"forminator-field-name-1\" class=\"forminator-input forminator-name--field\" aria-required=\"true\" \/><\/div><\/div><\/div><div class=\"forminator-row\"><div id=\"email-1\" class=\"forminator-col forminator-col-12 \"><div class=\"forminator-field\"><input type=\"email\" name=\"email-1\" value=\"\" placeholder=\"Correo electr\u00f3nico\" id=\"forminator-field-email-1\" class=\"forminator-input forminator-email--field\" data-required=\"true\" aria-required=\"true\" \/><\/div><\/div><\/div><div class=\"forminator-row\"><div id=\"phone-1\" class=\"forminator-col forminator-col-6 \"><div class=\"forminator-field\"><input type=\"text\" name=\"phone-1\" value=\"\" placeholder=\"Celular\" id=\"forminator-field-phone-1\" class=\"forminator-input forminator-field--phone\" data-required=\"\" aria-required=\"false\" autocomplete=\"off\" \/><\/div><\/div><div id=\"text-1\" class=\"forminator-col forminator-col-6 \"><div class=\"forminator-field\"><input type=\"text\" name=\"text-1\" value=\"\" placeholder=\"Edad\" id=\"forminator-field-text-1\" class=\"forminator-input forminator-name--field\" data-required=\"\" \/><\/div><\/div><\/div><div class=\"forminator-row\"><div id=\"text-2\" class=\"forminator-col forminator-col-6 \"><div class=\"forminator-field\"><input type=\"text\" name=\"text-2\" value=\"\" placeholder=\"Pais de Residencia\" id=\"forminator-field-text-2\" class=\"forminator-input forminator-name--field\" data-required=\"\" \/><\/div><\/div><div id=\"text-3\" class=\"forminator-col forminator-col-6 \"><div class=\"forminator-field\"><input type=\"text\" name=\"text-3\" value=\"\" placeholder=\"Ciudad\" id=\"forminator-field-text-3\" class=\"forminator-input forminator-name--field\" data-required=\"\" \/><\/div><\/div><\/div><div class=\"forminator-row\"><div id=\"text-4\" class=\"forminator-col forminator-col-12 \"><div class=\"forminator-field\"><input type=\"text\" name=\"text-4\" value=\"\" placeholder=\"Direcci\u00f3n\" id=\"forminator-field-text-4\" class=\"forminator-input forminator-name--field\" data-required=\"\" \/><\/div><\/div><\/div><div class=\"forminator-row\"><div id=\"text-5\" class=\"forminator-col forminator-col-6 \"><div class=\"forminator-field\"><input type=\"text\" name=\"text-5\" value=\"\" placeholder=\"Fecha de nacimiento\" id=\"forminator-field-text-5\" class=\"forminator-input forminator-name--field\" data-required=\"\" \/><\/div><\/div><div id=\"text-6\" class=\"forminator-col forminator-col-6 \"><div class=\"forminator-field\"><input type=\"text\" name=\"text-6\" value=\"\" placeholder=\"Sexo\" id=\"forminator-field-text-6\" class=\"forminator-input forminator-name--field\" data-required=\"\" \/><\/div><\/div><\/div><div class=\"forminator-row\"><div id=\"text-7\" class=\"forminator-col forminator-col-12 \"><div class=\"forminator-field\"><input type=\"text\" name=\"text-7\" value=\"\" placeholder=\"Ocupaci\u00f3n\" id=\"forminator-field-text-7\" class=\"forminator-input forminator-name--field\" data-required=\"\" \/><\/div><\/div><\/div><input type=\"hidden\" name=\"referer_url\" value=\"\" \/><div class=\"forminator-row forminator-row-last\"><div class=\"forminator-col\"><div id=\"submit\" class=\"forminator-field\"><button class=\"forminator-button forminator-button-submit\">Enviar mensaje<\/button><\/div><\/div><\/div><input type=\"hidden\" id=\"forminator_nonce\" name=\"forminator_nonce\" value=\"e29c01da57\" \/><input type=\"hidden\" name=\"_wp_http_referer\" value=\"\/index.php\/wp-json\/wp\/v2\/pages\/1588\" \/><input type=\"hidden\" name=\"form_id\" value=\"1587\"><input type=\"hidden\" name=\"page_id\" value=\"1588\"><input type=\"hidden\" name=\"form_type\" value=\"default\"><input type=\"hidden\" name=\"current_url\" value=\"https:\/\/juliocesartriana.com\/wp-json\/wp\/v2\/pages\/1588\/\"><input type=\"hidden\" name=\"render_id\" value=\"0\"><input type=\"hidden\" name=\"action\" value=\"forminator_submit_form_custom-forms\"><\/form>\n","protected":false},"excerpt":{"rendered":"<p>Cont\u00e1ctanos \u00danete a nuestro equipo con tus ideas, comentarios y, por supuesto, sugerencias. \u00a1Juntos seremos La Voz del Huila en el Congreso!<\/p>\n","protected":false},"author":1,"featured_media":0,"parent":0,"menu_order":0,"comment_status":"closed","ping_status":"closed","template":"","meta":{"ngg_post_thumbnail":0,"footnotes":""},"class_list":["post-1588","page","type-page","status-publish","hentry"],"yoast_head":"<!-- This site is optimized with the Yoast SEO plugin v18.5.1 - https:\/\/yoast.com\/wordpress\/plugins\/seo\/ -->\n<title>Julio C\u00e9sar Triana - Representante a la C\u00e1mara por el Huila<\/title>\n<meta name=\"description\" content=\"Representante a la C\u00e1mara por el Departamento del Huila. Periodo 2018 - 2022 y 2022 - 2026. Partido Cambio Radical. Somos La Voz del Huila.\" \/>\n<meta name=\"robots\" content=\"index, follow, max-snippet:-1, max-image-preview:large, max-video-preview:-1\" \/>\n<link rel=\"canonical\" href=\"https:\/\/juliocesartriana.com\/index.php\/control-politico-2\/\" \/>\n<meta property=\"og:locale\" content=\"es_ES\" \/>\n<meta property=\"og:type\" content=\"article\" \/>\n<meta property=\"og:title\" content=\"Julio C\u00e9sar Triana - Representante a la C\u00e1mara por el Huila\" \/>\n<meta property=\"og:description\" content=\"Representante a la C\u00e1mara por el Departamento del Huila. Periodo 2018 - 2022 y 2022 - 2026. Partido Cambio Radical. Somos La Voz del Huila.\" \/>\n<meta property=\"og:url\" content=\"https:\/\/juliocesartriana.com\/index.php\/control-politico-2\/\" \/>\n<meta property=\"og:site_name\" content=\"Julio C\u00e9sar Triana - Representante a la C\u00e1mara por el Huila\" \/>\n<meta property=\"article:publisher\" content=\"https:\/\/www.facebook.com\/TrianaCongreso\/\" \/>\n<meta property=\"article:modified_time\" content=\"2021-09-07T22:47:16+00:00\" \/>\n<meta name=\"twitter:card\" content=\"summary_large_image\" \/>\n<script type=\"application\/ld+json\" class=\"yoast-schema-graph\">{\"@context\":\"https:\/\/schema.org\",\"@graph\":[{\"@type\":\"Organization\",\"@id\":\"https:\/\/juliocesartriana.com\/#organization\",\"name\":\"Julio C\u00e9sar Triana - Representante a la C\u00e1mara\",\"url\":\"https:\/\/juliocesartriana.com\/\",\"sameAs\":[\"https:\/\/www.facebook.com\/TrianaCongreso\/\",\"https:\/\/www.instagram.com\/trianacongreso\/\"],\"logo\":{\"@type\":\"ImageObject\",\"@id\":\"https:\/\/juliocesartriana.com\/#logo\",\"inLanguage\":\"es\",\"url\":\"https:\/\/juliocesartriana.com\/wp-content\/uploads\/2021\/03\/Salo\u0301n-eli\u0301ptico-presidiendo-1.jpeg\",\"contentUrl\":\"https:\/\/juliocesartriana.com\/wp-content\/uploads\/2021\/03\/Salo\u0301n-eli\u0301ptico-presidiendo-1.jpeg\",\"width\":1280,\"height\":853,\"caption\":\"Julio C\u00e9sar Triana - Representante a la C\u00e1mara\"},\"image\":{\"@id\":\"https:\/\/juliocesartriana.com\/#logo\"}},{\"@type\":\"WebSite\",\"@id\":\"https:\/\/juliocesartriana.com\/#website\",\"url\":\"https:\/\/juliocesartriana.com\/\",\"name\":\"Julio C\u00e9sar Triana - Representante a la C\u00e1mara por el Huila\",\"description\":\"Representante a la C\u00e1mara por el Departamento del Huila.\",\"publisher\":{\"@id\":\"https:\/\/juliocesartriana.com\/#organization\"},\"potentialAction\":[{\"@type\":\"SearchAction\",\"target\":{\"@type\":\"EntryPoint\",\"urlTemplate\":\"https:\/\/juliocesartriana.com\/?s={search_term_string}\"},\"query-input\":\"required name=search_term_string\"}],\"inLanguage\":\"es\"},{\"@type\":\"WebPage\",\"@id\":\"https:\/\/juliocesartriana.com\/index.php\/control-politico-2\/#webpage\",\"url\":\"https:\/\/juliocesartriana.com\/index.php\/control-politico-2\/\",\"name\":\"Julio C\u00e9sar Triana - Representante a la C\u00e1mara por el Huila\",\"isPartOf\":{\"@id\":\"https:\/\/juliocesartriana.com\/#website\"},\"datePublished\":\"2021-03-13T13:03:34+00:00\",\"dateModified\":\"2021-09-07T22:47:16+00:00\",\"description\":\"Representante a la C\u00e1mara por el Departamento del Huila. Periodo 2018 - 2022 y 2022 - 2026. Partido Cambio Radical. Somos La Voz del Huila.\",\"breadcrumb\":{\"@id\":\"https:\/\/juliocesartriana.com\/index.php\/control-politico-2\/#breadcrumb\"},\"inLanguage\":\"es\",\"potentialAction\":[{\"@type\":\"ReadAction\",\"target\":[\"https:\/\/juliocesartriana.com\/index.php\/control-politico-2\/\"]}]},{\"@type\":\"BreadcrumbList\",\"@id\":\"https:\/\/juliocesartriana.com\/index.php\/control-politico-2\/#breadcrumb\",\"itemListElement\":[{\"@type\":\"ListItem\",\"position\":1,\"name\":\"Portada\",\"item\":\"https:\/\/juliocesartriana.com\/\"},{\"@type\":\"ListItem\",\"position\":2,\"name\":\"Cont\u00e1ctanos\"}]}]}<\/script>\n<!-- \/ Yoast SEO plugin. -->","yoast_head_json":{"title":"Julio C\u00e9sar Triana - Representante a la C\u00e1mara por el Huila","description":"Representante a la C\u00e1mara por el Departamento del Huila. Periodo 2018 - 2022 y 2022 - 2026. Partido Cambio Radical. Somos La Voz del Huila.","robots":{"index":"index","follow":"follow","max-snippet":"max-snippet:-1","max-image-preview":"max-image-preview:large","max-video-preview":"max-video-preview:-1"},"canonical":"https:\/\/juliocesartriana.com\/index.php\/control-politico-2\/","og_locale":"es_ES","og_type":"article","og_title":"Julio C\u00e9sar Triana - Representante a la C\u00e1mara por el Huila","og_description":"Representante a la C\u00e1mara por el Departamento del Huila. Periodo 2018 - 2022 y 2022 - 2026. Partido Cambio Radical. Somos La Voz del Huila.","og_url":"https:\/\/juliocesartriana.com\/index.php\/control-politico-2\/","og_site_name":"Julio C\u00e9sar Triana - Representante a la C\u00e1mara por el Huila","article_publisher":"https:\/\/www.facebook.com\/TrianaCongreso\/","article_modified_time":"2021-09-07T22:47:16+00:00","twitter_card":"summary_large_image","schema":{"@context":"https:\/\/schema.org","@graph":[{"@type":"Organization","@id":"https:\/\/juliocesartriana.com\/#organization","name":"Julio C\u00e9sar Triana - Representante a la C\u00e1mara","url":"https:\/\/juliocesartriana.com\/","sameAs":["https:\/\/www.facebook.com\/TrianaCongreso\/","https:\/\/www.instagram.com\/trianacongreso\/"],"logo":{"@type":"ImageObject","@id":"https:\/\/juliocesartriana.com\/#logo","inLanguage":"es","url":"https:\/\/juliocesartriana.com\/wp-content\/uploads\/2021\/03\/Salo\u0301n-eli\u0301ptico-presidiendo-1.jpeg","contentUrl":"https:\/\/juliocesartriana.com\/wp-content\/uploads\/2021\/03\/Salo\u0301n-eli\u0301ptico-presidiendo-1.jpeg","width":1280,"height":853,"caption":"Julio C\u00e9sar Triana - Representante a la C\u00e1mara"},"image":{"@id":"https:\/\/juliocesartriana.com\/#logo"}},{"@type":"WebSite","@id":"https:\/\/juliocesartriana.com\/#website","url":"https:\/\/juliocesartriana.com\/","name":"Julio C\u00e9sar Triana - Representante a la C\u00e1mara por el Huila","description":"Representante a la C\u00e1mara por el Departamento del Huila.","publisher":{"@id":"https:\/\/juliocesartriana.com\/#organization"},"potentialAction":[{"@type":"SearchAction","target":{"@type":"EntryPoint","urlTemplate":"https:\/\/juliocesartriana.com\/?s={search_term_string}"},"query-input":"required name=search_term_string"}],"inLanguage":"es"},{"@type":"WebPage","@id":"https:\/\/juliocesartriana.com\/index.php\/control-politico-2\/#webpage","url":"https:\/\/juliocesartriana.com\/index.php\/control-politico-2\/","name":"Julio C\u00e9sar Triana - Representante a la C\u00e1mara por el Huila","isPartOf":{"@id":"https:\/\/juliocesartriana.com\/#website"},"datePublished":"2021-03-13T13:03:34+00:00","dateModified":"2021-09-07T22:47:16+00:00","description":"Representante a la C\u00e1mara por el Departamento del Huila. Periodo 2018 - 2022 y 2022 - 2026. Partido Cambio Radical. Somos La Voz del Huila.","breadcrumb":{"@id":"https:\/\/juliocesartriana.com\/index.php\/control-politico-2\/#breadcrumb"},"inLanguage":"es","potentialAction":[{"@type":"ReadAction","target":["https:\/\/juliocesartriana.com\/index.php\/control-politico-2\/"]}]},{"@type":"BreadcrumbList","@id":"https:\/\/juliocesartriana.com\/index.php\/control-politico-2\/#breadcrumb","itemListElement":[{"@type":"ListItem","position":1,"name":"Portada","item":"https:\/\/juliocesartriana.com\/"},{"@type":"ListItem","position":2,"name":"Cont\u00e1ctanos"}]}]}},"_links":{"self":[{"href":"https:\/\/juliocesartriana.com\/index.php\/wp-json\/wp\/v2\/pages\/1588","targetHints":{"allow":["GET"]}}],"collection":[{"href":"https:\/\/juliocesartriana.com\/index.php\/wp-json\/wp\/v2\/pages"}],"about":[{"href":"https:\/\/juliocesartriana.com\/index.php\/wp-json\/wp\/v2\/types\/page"}],"author":[{"embeddable":true,"href":"https:\/\/juliocesartriana.com\/index.php\/wp-json\/wp\/v2\/users\/1"}],"replies":[{"embeddable":true,"href":"https:\/\/juliocesartriana.com\/index.php\/wp-json\/wp\/v2\/comments?post=1588"}],"version-history":[{"count":28,"href":"https:\/\/juliocesartriana.com\/index.php\/wp-json\/wp\/v2\/pages\/1588\/revisions"}],"predecessor-version":[{"id":2585,"href":"https:\/\/juliocesartriana.com\/index.php\/wp-json\/wp\/v2\/pages\/1588\/revisions\/2585"}],"wp:attachment":[{"href":"https:\/\/juliocesartriana.com\/index.php\/wp-json\/wp\/v2\/media?parent=1588"}],"curies":[{"name":"wp","href":"https:\/\/api.w.org\/{rel}","templated":true}]}}

Contáctanos

<h3>Contáctanos</h3>
<h4>Únete a nuestro equipo con tus ideas, comentarios y, por supuesto, sugerencias.<br>
¡Juntos seremos La Voz del Huila en el Congreso!</h4>


<div class="forminator-ui forminator-custom-form forminator-custom-form-1587 forminator-design--default  forminator_ajax" data-forminator-render="0" data-form="forminator-module-1587"><br/></div><form
				id="forminator-module-1587"
				class="forminator-ui forminator-custom-form forminator-custom-form-1587 forminator-design--default  forminator_ajax"
				action=""
				method="post"
				data-forminator-render="0"
				data-form-id="1587"
				
				data-design="default"
				
				
				
				data-grid="open"
				
				
				style="display: none;"
			><div class="forminator-response-message forminator-error" aria-hidden="true"></div><div class="forminator-row"><div id="name-1" class="forminator-col forminator-col-12 "><div class="forminator-field"><input type="text" name="name-1" value="" placeholder="Nombre y Apellido" id="forminator-field-name-1" class="forminator-input forminator-name--field" aria-required="true" /></div></div></div><div class="forminator-row"><div id="email-1" class="forminator-col forminator-col-12 "><div class="forminator-field"><input type="email" name="email-1" value="" placeholder="Correo electrónico" id="forminator-field-email-1" class="forminator-input forminator-email--field" data-required="true" aria-required="true" /></div></div></div><div class="forminator-row"><div id="phone-1" class="forminator-col forminator-col-6 "><div class="forminator-field"><input type="text" name="phone-1" value="" placeholder="Celular" id="forminator-field-phone-1" class="forminator-input forminator-field--phone" data-required="" aria-required="false" autocomplete="off" /></div></div><div id="text-1" class="forminator-col forminator-col-6 "><div class="forminator-field"><input type="text" name="text-1" value="" placeholder="Edad" id="forminator-field-text-1" class="forminator-input forminator-name--field" data-required="" /></div></div></div><div class="forminator-row"><div id="text-2" class="forminator-col forminator-col-6 "><div class="forminator-field"><input type="text" name="text-2" value="" placeholder="Pais de Residencia" id="forminator-field-text-2" class="forminator-input forminator-name--field" data-required="" /></div></div><div id="text-3" class="forminator-col forminator-col-6 "><div class="forminator-field"><input type="text" name="text-3" value="" placeholder="Ciudad" id="forminator-field-text-3" class="forminator-input forminator-name--field" data-required="" /></div></div></div><div class="forminator-row"><div id="text-4" class="forminator-col forminator-col-12 "><div class="forminator-field"><input type="text" name="text-4" value="" placeholder="Dirección" id="forminator-field-text-4" class="forminator-input forminator-name--field" data-required="" /></div></div></div><div class="forminator-row"><div id="text-5" class="forminator-col forminator-col-6 "><div class="forminator-field"><input type="text" name="text-5" value="" placeholder="Fecha de nacimiento" id="forminator-field-text-5" class="forminator-input forminator-name--field" data-required="" /></div></div><div id="text-6" class="forminator-col forminator-col-6 "><div class="forminator-field"><input type="text" name="text-6" value="" placeholder="Sexo" id="forminator-field-text-6" class="forminator-input forminator-name--field" data-required="" /></div></div></div><div class="forminator-row"><div id="text-7" class="forminator-col forminator-col-12 "><div class="forminator-field"><input type="text" name="text-7" value="" placeholder="Ocupación" id="forminator-field-text-7" class="forminator-input forminator-name--field" data-required="" /></div></div></div><input type="hidden" name="referer_url" value="" /><div class="forminator-row forminator-row-last"><div class="forminator-col"><div id="submit" class="forminator-field"><button class="forminator-button forminator-button-submit">Enviar mensaje</button></div></div></div><input type="hidden" id="forminator_nonce" name="forminator_nonce" value="e29c01da57" /><input type="hidden" name="_wp_http_referer" value="/index.php/wp-json/wp/v2/pages/1588" /><input type="hidden" name="form_id" value="1587"><input type="hidden" name="page_id" value="1588"><input type="hidden" name="form_type" value="default"><input type="hidden" name="current_url" value="https://juliocesartriana.com/wp-json/wp/v2/pages/1588/"><input type="hidden" name="render_id" value="0"><input type="hidden" name="action" value="forminator_submit_form_custom-forms"></form>

<p>Contáctanos Únete a nuestro equipo con tus ideas, comentarios y, por supuesto, sugerencias. ¡Juntos seremos La Voz del Huila en el Congreso!</p>

<!-- This site is optimized with the Yoast SEO plugin v18.5.1 - https://yoast.com/wordpress/plugins/seo/ -->
<title>Julio César Triana - Representante a la Cámara por el Huila</title>
<meta name="description" content="Representante a la Cámara por el Departamento del Huila. Periodo 2018 - 2022 y 2022 - 2026. Partido Cambio Radical. Somos La Voz del Huila." />
<meta name="robots" content="index, follow, max-snippet:-1, max-image-preview:large, max-video-preview:-1" />
<link rel="canonical" href="https://juliocesartriana.com/index.php/control-politico-2/" />
<meta property="og:locale" content="es_ES" />
<meta property="og:type" content="article" />
<meta property="og:title" content="Julio César Triana - Representante a la Cámara por el Huila" />
<meta property="og:description" content="Representante a la Cámara por el Departamento del Huila. Periodo 2018 - 2022 y 2022 - 2026. Partido Cambio Radical. Somos La Voz del Huila." />
<meta property="og:url" content="https://juliocesartriana.com/index.php/control-politico-2/" />
<meta property="og:site_name" content="Julio César Triana - Representante a la Cámara por el Huila" />
<meta property="article:publisher" content="https://www.facebook.com/TrianaCongreso/" />
<meta property="article:modified_time" content="2021-09-07T22:47:16+00:00" />
<meta name="twitter:card" content="summary_large_image" />
<script type="application/ld+json" class="yoast-schema-graph">{"@context":"https://schema.org","@graph":[{"@type":"Organization","@id":"https://juliocesartriana.com/#organization","name":"Julio César Triana - Representante a la Cámara","url":"https://juliocesartriana.com/","sameAs":["https://www.facebook.com/TrianaCongreso/","https://www.instagram.com/trianacongreso/"],"logo":{"@type":"ImageObject","@id":"https://juliocesartriana.com/#logo","inLanguage":"es","url":"https://juliocesartriana.com/wp-content/uploads/2021/03/Salón-elíptico-presidiendo-1.jpeg","contentUrl":"https://juliocesartriana.com/wp-content/uploads/2021/03/Salón-elíptico-presidiendo-1.jpeg","width":1280,"height":853,"caption":"Julio César Triana - Representante a la Cámara"},"image":{"@id":"https://juliocesartriana.com/#logo"}},{"@type":"WebSite","@id":"https://juliocesartriana.com/#website","url":"https://juliocesartriana.com/","name":"Julio César Triana - Representante a la Cámara por el Huila","description":"Representante a la Cámara por el Departamento del Huila.","publisher":{"@id":"https://juliocesartriana.com/#organization"},"potentialAction":[{"@type":"SearchAction","target":{"@type":"EntryPoint","urlTemplate":"https://juliocesartriana.com/?s={search_term_string}"},"query-input":"required name=search_term_string"}],"inLanguage":"es"},{"@type":"WebPage","@id":"https://juliocesartriana.com/index.php/control-politico-2/#webpage","url":"https://juliocesartriana.com/index.php/control-politico-2/","name":"Julio César Triana - Representante a la Cámara por el Huila","isPartOf":{"@id":"https://juliocesartriana.com/#website"},"datePublished":"2021-03-13T13:03:34+00:00","dateModified":"2021-09-07T22:47:16+00:00","description":"Representante a la Cámara por el Departamento del Huila. Periodo 2018 - 2022 y 2022 - 2026. Partido Cambio Radical. Somos La Voz del Huila.","breadcrumb":{"@id":"https://juliocesartriana.com/index.php/control-politico-2/#breadcrumb"},"inLanguage":"es","potentialAction":[{"@type":"ReadAction","target":["https://juliocesartriana.com/index.php/control-politico-2/"]}]},{"@type":"BreadcrumbList","@id":"https://juliocesartriana.com/index.php/control-politico-2/#breadcrumb","itemListElement":[{"@type":"ListItem","position":1,"name":"Portada","item":"https://juliocesartriana.com/"},{"@type":"ListItem","position":2,"name":"Contáctanos"}]}]}</script>
<!-- / Yoast SEO plugin. -->

Julio César Triana - Representante a la Cámara por el Huila

Representante a la Cámara por el Departamento del Huila. Periodo 2018 - 2022 y 2022 - 2026. Partido Cambio Radical. Somos La Voz del Huila.

Julio César Triana - Representante a la Cámara

Representante a la Cámara por el Departamento del Huila.
