{"version":"1.0","provider_name":"Julio C\u00e9sar Triana - Representante a la C\u00e1mara por el Huila","provider_url":"https:\/\/juliocesartriana.com","author_name":"admin","author_url":"https:\/\/juliocesartriana.com\/index.php\/author\/admin_dovqajq2\/","title":"Julio C\u00e9sar Triana - Representante a la C\u00e1mara por el Huila","type":"rich","width":600,"height":338,"html":"<blockquote class=\"wp-embedded-content\" data-secret=\"xQLyefLLKk\"><a href=\"https:\/\/juliocesartriana.com\/index.php\/2024\/06\/20\/menos-vacaciones-en-el-congreso-2\/\">Menos vacaciones en el Congreso<\/a><\/blockquote><iframe sandbox=\"allow-scripts\" security=\"restricted\" src=\"https:\/\/juliocesartriana.com\/index.php\/2024\/06\/20\/menos-vacaciones-en-el-congreso-2\/embed\/#?secret=xQLyefLLKk\" width=\"600\" height=\"338\" title=\"\u00abMenos vacaciones en el Congreso\u00bb \u2014 Julio C\u00e9sar Triana - Representante a la C\u00e1mara por el Huila\" data-secret=\"xQLyefLLKk\" frameborder=\"0\" marginwidth=\"0\" marginheight=\"0\" scrolling=\"no\" class=\"wp-embedded-content\"><\/iframe><script>\n\/*! This file is auto-generated *\/\n!function(d,l){\"use strict\";l.querySelector&&d.addEventListener&&\"undefined\"!=typeof URL&&(d.wp=d.wp||{},d.wp.receiveEmbedMessage||(d.wp.receiveEmbedMessage=function(e){var t=e.data;if((t||t.secret||t.message||t.value)&&!\/[^a-zA-Z0-9]\/.test(t.secret)){for(var s,r,n,a=l.querySelectorAll('iframe[data-secret=\"'+t.secret+'\"]'),o=l.querySelectorAll('blockquote[data-secret=\"'+t.secret+'\"]'),c=new RegExp(\"^https?:$\",\"i\"),i=0;i<o.length;i++)o[i].style.display=\"none\";for(i=0;i<a.length;i++)s=a[i],e.source===s.contentWindow&&(s.removeAttribute(\"style\"),\"height\"===t.message?(1e3<(r=parseInt(t.value,10))?r=1e3:~~r<200&&(r=200),s.height=r):\"link\"===t.message&&(r=new URL(s.getAttribute(\"src\")),n=new URL(t.value),c.test(n.protocol))&&n.host===r.host&&l.activeElement===s&&(d.top.location.href=t.value))}},d.addEventListener(\"message\",d.wp.receiveEmbedMessage,!1),l.addEventListener(\"DOMContentLoaded\",function(){for(var e,t,s=l.querySelectorAll(\"iframe.wp-embedded-content\"),r=0;r<s.length;r++)(t=(e=s[r]).getAttribute(\"data-secret\"))||(t=Math.random().toString(36).substring(2,12),e.src+=\"#?secret=\"+t,e.setAttribute(\"data-secret\",t)),e.contentWindow.postMessage({message:\"ready\",secret:t},\"*\")},!1)))}(window,document);\n\/\/# sourceURL=https:\/\/juliocesartriana.com\/wp-includes\/js\/wp-embed.min.js\n<\/script>\n","thumbnail_url":"https:\/\/juliocesartriana.com\/wp-content\/uploads\/2024\/06\/bloc9.png","thumbnail_width":1000,"thumbnail_height":700,"description":"Con este acto legislativo, que modifica el art\u00edculo 138 de la Constituci\u00f3n, aumentar\u00e1 el periodo de sesiones ordinarias del Congreso. As\u00ed las cosas, los congresistas iniciar\u00e1n su actividad legislativa el 16 de febrero y no el 16de marzo, como ocurr\u00eda anteriormente. Sin embargo, durante este mes no podr\u00e1ntramitarse proyectos de leyes estatutarias ni reformas a &hellip; Skin &#8211; Thumbnail Leer m\u00e1s &raquo;"}

Julio César Triana - Representante a la Cámara por el Huila

<blockquote class="wp-embedded-content" data-secret="xQLyefLLKk"><a href="https://juliocesartriana.com/index.php/2024/06/20/menos-vacaciones-en-el-congreso-2/">Menos vacaciones en el Congreso</a></blockquote><iframe sandbox="allow-scripts" security="restricted" src="https://juliocesartriana.com/index.php/2024/06/20/menos-vacaciones-en-el-congreso-2/embed/#?secret=xQLyefLLKk" width="600" height="338" title="«Menos vacaciones en el Congreso» — Julio César Triana - Representante a la Cámara por el Huila" data-secret="xQLyefLLKk" frameborder="0" marginwidth="0" marginheight="0" scrolling="no" class="wp-embedded-content"></iframe><script>
/*! This file is auto-generated */
!function(d,l){"use strict";l.querySelector&&d.addEventListener&&"undefined"!=typeof URL&&(d.wp=d.wp||{},d.wp.receiveEmbedMessage||(d.wp.receiveEmbedMessage=function(e){var t=e.data;if((t||t.secret||t.message||t.value)&&!/[^a-zA-Z0-9]/.test(t.secret)){for(var s,r,n,a=l.querySelectorAll('iframe[data-secret="'+t.secret+'"]'),o=l.querySelectorAll('blockquote[data-secret="'+t.secret+'"]'),c=new RegExp("^https?:$","i"),i=0;i<o.length;i++)o[i].style.display="none";for(i=0;i<a.length;i++)s=a[i],e.source===s.contentWindow&&(s.removeAttribute("style"),"height"===t.message?(1e3<(r=parseInt(t.value,10))?r=1e3:~~r<200&&(r=200),s.height=r):"link"===t.message&&(r=new URL(s.getAttribute("src")),n=new URL(t.value),c.test(n.protocol))&&n.host===r.host&&l.activeElement===s&&(d.top.location.href=t.value))}},d.addEventListener("message",d.wp.receiveEmbedMessage,!1),l.addEventListener("DOMContentLoaded",function(){for(var e,t,s=l.querySelectorAll("iframe.wp-embedded-content"),r=0;r<s.length;r++)(t=(e=s[r]).getAttribute("data-secret"))||(t=Math.random().toString(36).substring(2,12),e.src+="#?secret="+t,e.setAttribute("data-secret",t)),e.contentWindow.postMessage({message:"ready",secret:t},"*")},!1)))}(window,document);
//# sourceURL=https://juliocesartriana.com/wp-includes/js/wp-embed.min.js
</script>

Con este acto legislativo, que modifica el artículo 138 de la Constitución, aumentará el periodo de sesiones ordinarias del Congreso. Así las cosas, los congresistas iniciarán su actividad legislativa el 16 de febrero y no el 16de marzo, como ocurría anteriormente. Sin embargo, durante este mes no podrántramitarse proyectos de leyes estatutarias ni reformas a &hellip; Skin &#8211; Thumbnail Leer más &raquo;
