{"version":"1.0","provider_name":"Julio C\u00e9sar Triana - Representante a la C\u00e1mara por el Huila","provider_url":"https:\/\/juliocesartriana.com","author_name":"admin","author_url":"https:\/\/juliocesartriana.com\/index.php\/author\/admin_dovqajq2\/","title":"Julio C\u00e9sar Triana - Representante a la C\u00e1mara por el Huila","type":"rich","width":600,"height":338,"html":"<blockquote class=\"wp-embedded-content\" data-secret=\"tdPzDJcbi6\"><a href=\"https:\/\/juliocesartriana.com\/index.php\/2021\/04\/26\/revocatoria-de-mandato\/\">Revocatoria de mandato<\/a><\/blockquote><iframe sandbox=\"allow-scripts\" security=\"restricted\" src=\"https:\/\/juliocesartriana.com\/index.php\/2021\/04\/26\/revocatoria-de-mandato\/embed\/#?secret=tdPzDJcbi6\" width=\"600\" height=\"338\" title=\"\u00abRevocatoria de mandato\u00bb \u2014 Julio C\u00e9sar Triana - Representante a la C\u00e1mara por el Huila\" data-secret=\"tdPzDJcbi6\" frameborder=\"0\" marginwidth=\"0\" marginheight=\"0\" scrolling=\"no\" class=\"wp-embedded-content\"><\/iframe><script>\n\/*! This file is auto-generated *\/\n!function(d,l){\"use strict\";l.querySelector&&d.addEventListener&&\"undefined\"!=typeof URL&&(d.wp=d.wp||{},d.wp.receiveEmbedMessage||(d.wp.receiveEmbedMessage=function(e){var t=e.data;if((t||t.secret||t.message||t.value)&&!\/[^a-zA-Z0-9]\/.test(t.secret)){for(var s,r,n,a=l.querySelectorAll('iframe[data-secret=\"'+t.secret+'\"]'),o=l.querySelectorAll('blockquote[data-secret=\"'+t.secret+'\"]'),c=new RegExp(\"^https?:$\",\"i\"),i=0;i<o.length;i++)o[i].style.display=\"none\";for(i=0;i<a.length;i++)s=a[i],e.source===s.contentWindow&&(s.removeAttribute(\"style\"),\"height\"===t.message?(1e3<(r=parseInt(t.value,10))?r=1e3:~~r<200&&(r=200),s.height=r):\"link\"===t.message&&(r=new URL(s.getAttribute(\"src\")),n=new URL(t.value),c.test(n.protocol))&&n.host===r.host&&l.activeElement===s&&(d.top.location.href=t.value))}},d.addEventListener(\"message\",d.wp.receiveEmbedMessage,!1),l.addEventListener(\"DOMContentLoaded\",function(){for(var e,t,s=l.querySelectorAll(\"iframe.wp-embedded-content\"),r=0;r<s.length;r++)(t=(e=s[r]).getAttribute(\"data-secret\"))||(t=Math.random().toString(36).substring(2,12),e.src+=\"#?secret=\"+t,e.setAttribute(\"data-secret\",t)),e.contentWindow.postMessage({message:\"ready\",secret:t},\"*\")},!1)))}(window,document);\n\/\/# sourceURL=https:\/\/juliocesartriana.com\/wp-includes\/js\/wp-embed.min.js\n<\/script>\n","thumbnail_url":"https:\/\/juliocesartriana.com\/wp-content\/uploads\/2021\/04\/Revocatoria-de-mandato.jpeg","thumbnail_width":1280,"thumbnail_height":853,"description":"Las venganzas pol\u00edticas no pueden seguir siendo una causal para revocar un mandato. Por eso, como ponentes del Proyecto de Ley de Revocatoria de Mandato buscamos brindar con mayores garant\u00edas tanto para comit\u00e9s promotores de revocatorias como para los mandatarios y la propia ciudadan\u00eda. Para ello, el proyecto de ley propone que: La insatisfacci\u00f3n general &hellip; Skin &#8211; Thumbnail Leer m\u00e1s &raquo;"}

Julio César Triana - Representante a la Cámara por el Huila

<blockquote class="wp-embedded-content" data-secret="tdPzDJcbi6"><a href="https://juliocesartriana.com/index.php/2021/04/26/revocatoria-de-mandato/">Revocatoria de mandato</a></blockquote><iframe sandbox="allow-scripts" security="restricted" src="https://juliocesartriana.com/index.php/2021/04/26/revocatoria-de-mandato/embed/#?secret=tdPzDJcbi6" width="600" height="338" title="«Revocatoria de mandato» — Julio César Triana - Representante a la Cámara por el Huila" data-secret="tdPzDJcbi6" frameborder="0" marginwidth="0" marginheight="0" scrolling="no" class="wp-embedded-content"></iframe><script>
/*! This file is auto-generated */
!function(d,l){"use strict";l.querySelector&&d.addEventListener&&"undefined"!=typeof URL&&(d.wp=d.wp||{},d.wp.receiveEmbedMessage||(d.wp.receiveEmbedMessage=function(e){var t=e.data;if((t||t.secret||t.message||t.value)&&!/[^a-zA-Z0-9]/.test(t.secret)){for(var s,r,n,a=l.querySelectorAll('iframe[data-secret="'+t.secret+'"]'),o=l.querySelectorAll('blockquote[data-secret="'+t.secret+'"]'),c=new RegExp("^https?:$","i"),i=0;i<o.length;i++)o[i].style.display="none";for(i=0;i<a.length;i++)s=a[i],e.source===s.contentWindow&&(s.removeAttribute("style"),"height"===t.message?(1e3<(r=parseInt(t.value,10))?r=1e3:~~r<200&&(r=200),s.height=r):"link"===t.message&&(r=new URL(s.getAttribute("src")),n=new URL(t.value),c.test(n.protocol))&&n.host===r.host&&l.activeElement===s&&(d.top.location.href=t.value))}},d.addEventListener("message",d.wp.receiveEmbedMessage,!1),l.addEventListener("DOMContentLoaded",function(){for(var e,t,s=l.querySelectorAll("iframe.wp-embedded-content"),r=0;r<s.length;r++)(t=(e=s[r]).getAttribute("data-secret"))||(t=Math.random().toString(36).substring(2,12),e.src+="#?secret="+t,e.setAttribute("data-secret",t)),e.contentWindow.postMessage({message:"ready",secret:t},"*")},!1)))}(window,document);
//# sourceURL=https://juliocesartriana.com/wp-includes/js/wp-embed.min.js
</script>

Las venganzas políticas no pueden seguir siendo una causal para revocar un mandato. Por eso, como ponentes del Proyecto de Ley de Revocatoria de Mandato buscamos brindar con mayores garantías tanto para comités promotores de revocatorias como para los mandatarios y la propia ciudadanía. Para ello, el proyecto de ley propone que: La insatisfacción general &hellip; Skin &#8211; Thumbnail Leer más &raquo;
